*o + 4*n, 4*o = 3*o + b*n. Calculate z(o).
3
Let g(r) be the third derivative of -r**6/120 - r**5/12 + 5*r**4/24 - 11*r**2. Determine g(-6).
6
Let y be (1/(-2))/(2/(-12)). Let i(f) = 16*f**2 + f + 6. Let d(h) = -3*h**2 - 1. Let o(g) = -11*d(g) - 2*i(g). Determine o(y).
2
Let m(z) = -z**2 - 3*z + 4. Let t(r) = r**2 + 3*r - 4. Let i(b) = 5*m(b) + 6*t(b). Determine i(-5).
6
Suppose -g + 4*r = -7, 0 = -2*g - 3*g + 4*r + 19. Let z(c) = c**2 + 3*c**3 + 3*c + 3*c**2 + 4 + 3*c**g - 5*c**3. What is z(-4)?
-8
Let r(z) = -3*z + 6. Suppose 0*b - 10 = -3*p + b, -5*p = 4*b - 28. What is r(p)?
-6
Let h(w) = w**3 + 6*w**2 + 5*w - 5. Suppose -8 = -4*b + 4. Suppose -b*n + a = -29, -8*a + 5*a = -3. Suppose l - 3*l = n. Calculate h(l).
-5
Let a(x) = x - 2. Let m be (-3)/(-5) + (-14)/(-35). Give a(m).
-1
Suppose -7*i = -i - 12. Let y(r) = 4*r**i + 0*r**2 + 8*r - 2 - 4 - r**3. Calculate y(5).
9
Let y(s) = 6*s - 4*s**2 - s**3 - s**2 + 4 + 0*s**2. Suppose -4*u + 12 = -6*u. Determine y(u).
4
Let a(o) = -o**3 + 4*o**2 - 3*o. Let h = 22 + -37. Let n be (-2 + h/(-6))*6. Determine a(n).
0
Suppose 99*g = 110*g + 44. Let k(a) be the first derivative of 3*a + 1 - 1/2*a**2. Give k(g).
7
Let o(w) = 0*w + 5*w + 3*w**2 - 2*w**2 - 3. Let n = -25 + 19. Calculate o(n).
3
Let q(o) = o**3 - 2*o + 5. Let a be q(-2). Let g(c) = c**2 + c. Give g(a).
2
Let n(q) = 2*q + 7. Let m(h) = -4*h**3 + 6*h**2 - 2*h + 10. Let p(r) = 11*r**3 - 19*r**2 + 6*r - 31. Let d(l) = -8*m(l) - 3*p(l). Let t be d(9). Give n(t).
-3
Let i(p) = -p**2 - 6*p + 4. Let q be i(-6). Let l(k) = -k + 5. Let m(c) = 5*c - 25. Let d(s) = -11*l(s) - 2*m(s). What is d(q)?
-1
Let c(d) = 3*d - 3. Let m(t) = t. Let n(j) = -c(j) - 2*m(j). What is n(2)?
-7
Suppose -5*d + 17 + 9 = b, -13 = 2*b - 3*d. Suppose 2*s = -y - 3*y + 6, -10 = -3*y + 4*s. Let n(j) = 0*j + 2 - y*j - 1. Determine n(b).
-1
Let g(b) = b**3 - 3*b**2 + 3*b. Let q be g(2). Let v(m) = m**2 + 0*m**q - m + 2 - 1. Give v(-2).
7
Suppose -5*l = q - 25, -2*l + q = -3*q + 12. Let c be (-1 + l)/((-3)/4). Let n(b) = 3*b + 1. What is n(c)?
-11
Let f(c) = 6*c**3 + c**2 + c - 1. Suppose 8 = -0*q + 2*q. Let v be (-1)/(-5)*(q - -1). Give f(v).
7
Let u = 8 - 6. Let r(d) = -2 + 0 + 5*d**2 - 4*d**2 - u*d. Let w be ((-9)/(-3))/(-1 - (-6)/3). Calculate r(w).
1
Let f = 2 + 1. Let w(q) = 2*q + 1 + 5*q**2 + 4*q**3 - 2*q**f - 3*q**3 - 4. Determine w(5).
7
Suppose -4*x = -6 + 2. Let n(j) = -5*j - 1. What is n(x)?
-6
Let a(j) = -j**2 - j + 1. Suppose -1 = c - 0. Let n(o) = -6*o**2 + o + 1. Let d(w) = c*n(w) + 5*a(w). Give d(4).
-4
Let o(n) = n**3 + 4*n**2 - 5*n + 5. Let i(w) = w**2 + 6*w - 12. Let b be i(-7). Calculate o(b).
5
Let b = -2 - -10. Suppose 4*k - 24 = -b. Suppose k*r = 3*r - 1. Let i(j) = -3*j**3 + j**2 - j - 1. Calculate i(r).
4
Let p = 44 + -42. Let s(u) = 4*u**2 - 2*u - 1. Calculate s(p).
11
Let k(c) = -c**3 - 5*c**2 + 6. Suppose 0 = -z - 2*z + 45. Suppose s - 4*s = z. Calculate k(s).
6
Let h(j) be the second derivative of -j**5/20 - 3*j**4/4 - j**3 + 9*j**2/2 + 36*j. Determine h(-8).
-7
Let m be (-2)/8*280/(-14). Let b(k) = k**2 - 7*k + 6. What is b(m)?
-4
Let t(i) = 7*i - 1. Let g(l) = -l**2 - 4*l - 5. Let n be g(-4). Let m be 1/n - (-88)/(-10). Let u be (6/m)/((-2)/3). What is t(u)?
6
Let h(r) = r**2 - 6*r + 2. Let c(b) = -9*b**2 + 8*b - 1. Let q(z) = -5*z**2 + 4*z. Let t(w) = -4*c(w) + 7*q(w). Let d be t(4). Determine h(d).
-6
Let m be 60/28 - 2/14. Let b(q) = q**m - 4 + q**2 + 2*q + 2 + q. Calculate b(2).
12
Let u(q) = -96*q**3 + 46*q**3 + 51*q**3 - q - 7*q**2 - 3 + 1. Calculate u(7).
-9
Suppose 0 = 5*i + 4*b + 6, -2*b - 6 = -i - b. Let u(r) = 4 + 2*r**3 - i*r + 2*r - 3*r**3. Determine u(0).
4
Let h(q) = q + 1. Let u(d) = -3*d - 2. Let o(i) = 2*h(i) + u(i). What is o(1)?
-1
Let i be (-2)/(-4) + 10/4. Let l(d) = d + d**2 + 2*d**3 + 1 - d - 3*d**i. Suppose -6*n = -n - 5. Calculate l(n).
1
Let c(t) = 11*t - 2. Let a(b) = 7*b - 1. Let d(m) = 8*a(m) - 5*c(m). Suppose 4*k + 12 = 12. What is d(k)?
2
Let i(g) = -2*g**2 + 7*g. Let l be 1/(-8) - (-82)/16. What is i(l)?
-15
Let x(w) = w**2 + w - 5. Let o(b) = -b + 3. Let h be o(5). Let d be 4/(-4)*(2 - h). Give x(d).
7
Let q(n) = n**3 - 2*n**2 - 4*n - 2. Let t be -4 - (-9)/3 - -5. Determine q(t).
14
Let b be ((-10)/(-3))/(2/3). Suppose 0 = 4*o + o - b. Let g(q) = 14*q + 5. Let w(t) = -13*t - 4. Let m(z) = 5*g(z) + 6*w(z). Determine m(o).
-7
Let h(a) = 10*a - 16. Let o(p) = -2*p + 3. Let z(s) = -4*h(s) - 22*o(s). What is z(2)?
6
Suppose 4*k + 5*r = 37, 3*k - 2*r - 1 = -2. Let h(p) be the third derivative of -p**6/120 + p**5/12 - p**4/8 + p**3/3 + 2*p**2. Calculate h(k).
11
Let o(t) = 4. Let f(k) = k - 5. Let v(z) = 4*f(z) + 6*o(z). Suppose 4*w + 40 = -0*x + 4*x, 2*x + w = 5. Suppose 4*n = -3*s, -x = -2*s + 3. Calculate v(n).
-8
Let h(b) = b**2 + 6*b + 9. Suppose 7*x + 69 = 20. Calculate h(x).
16
Let h(o) be the second derivative of 0 + o**2 + 7*o + 1/6*o**3. Calculate h(-3).
-1
Let s(v) = 4*v - 5*v**2 + 4*v**2 - 2*v - 6*v. Give s(-6).
-12
Let t(a) = -8*a + 3. Let v(n) = -23*n + 8. Suppose 0*q - 5*j = 3*q + 36, 0 = 4*q - 4*j + 80. Let i(x) = q*t(x) + 6*v(x). Determine i(3).
-9
Let k(u) = -77*u**2 + 4*u + 9. Let f(a) = 19*a**2 - a - 2. Let w(m) = 9*f(m) + 2*k(m). Suppose 0 = 3*p - 7*p - 3*i - 11, p = -i - 4. Calculate w(p).
16
Let a(k) = -11*k + 13. Let p(u) = -3*u + 3*u + 5*u - 6. Let c(g) = 6*a(g) + 13*p(g). Let w(x) = -6*x - 1. Let b be w(-1). Determine c(b).
-5
Suppose -3*b + 53 = -13. Let n = b + -16. Let a(q) = q**3 - 7*q**2 + 5*q - 1. Calculate a(n).
-7
Let q(g) = -g**2 - 6*g - 6. Suppose -6*r = -18 + 42. Calculate q(r).
2
Let r(f) = 6*f - 1. Let d(l) = -l + 3. Let n be d(-5). Let u be (-42)/(-4) + (-4)/n. Let p(g) = g - 11. Let j be p(u). Determine r(j).
-7
Suppose -3*a - 2*n + 5*n + 12 = 0, 5*n - 5 = 0. Suppose -3*b - 4*j = 23, 26 = 3*b - 4*b - a*j. Let h(y) = -3*y**2 + 1. Calculate h(b).
-2
Let p(v) = 8*v - 1. Let l(a) = 17*a - 3. Let i(q) = 2*l(q) - 5*p(q). Let m be i(-1). Let u(n) = -2*n**2 + 5*n**2 - m*n**2 + n. Calculate u(2).
-6
Let s(b) be the third derivative of -b**6/120 + b**5/60 - b**4/12 + b**3/6 - 7*b**2. Suppose -4*u + u + 6 = 0. Determine s(u).
-7
Let z(w) = 97 + 0*w + w - 98. Determine z(2).
1
Let j(y) = -y**2 + 5*y + 1. Let i be ((-4)/10)/(1/(-10)). Let a be j(i). Let s(x) = 0*x + 3 - 2*x + 3 - 1. Calculate s(a).
-5
Let q(s) be the first derivative of s**4/12 + s**3/6 - s**2 - 3*s - 2. Let p(h) be the first derivative of q(h). Determine p(-3).
4
Let i be 168/27 - (-2)/(-9). Let r(j) = -2*j + i + 5*j - 2*j. Let c be 3 + 3 + -14 - -3. Determine r(c).
1
Let m = -10 + 16. Let p(x) = 5*x**3 + 5 + 2*x**3 + 5*x**2 + 10*x - 3*x. Let b(j) = -6*j**3 - 5*j**2 - 6*j - 5. Let w(h) = m*b(h) + 5*p(h). Determine w(-5).
0
Suppose y - 4*j = -1 - 1, 0 = -5*y - 2*j - 10. Let v be 1/((2/3)/y). Let n(p) = -2*p**2 - 2*p + 3. What is n(v)?
-9
Let q(p) = p**2 - 6*p. Let f(n) = 5*n**3 + 1. Let g be 2/4 + (-1)/(-2). Let m be f(g). Determine q(m).
0
Suppose 5*f - 10 = 0, 3*b - 4*f = -26 - 0. Let w = -10 - b. Let i(v) = -v**2 - 2*v + 1. Calculate i(w).
-7
Let f(s) = s**2 + 5*s - 6. Let u(q) = q**2 + q + 3. Let p be u(0). Let j be ((-5)/(-2))/(2/4). Suppose -j*k = p*c - 5*c + 29, -3*k - c = 13. What is f(k)?
-6
Let k(v) = 2*v**3 - 3*v**3 - 2 - v + 5 + 2*v**2 - 2*v. Calculate k(2).
-3
Suppose -q + 26 = q. Suppose z = 4*k, 0*k - 3*z = -2*k. Suppose -5*i = m + 2, -4*m + k*i + q = -i. Let p(c) = -c**2 + 4*c - 1. Calculate p(m).
2
Let o(h) be the third derivative of -h**5/60 + h**4/12 - 2*h**3/3 - 2*h**2. Calculate o(-3).
-19
Suppose 0 = -5*r - 4*n - 10, 7*n = 3*r + 3*n - 26. Suppose -x - r*x = -3. Let s(b) = 4*b - 2*b**2 + 0*b + 0*b - x - 2. What is s(2)?
-3
Let x be -3 + (0/1 - -1). Let g(t) be the second derivative of 1/6*t**4 + 2*t + 1/3*t**3 + 0 + 0*t**2. What is g(x)?
4
Let g = -3 - 8. Let i(l) = 16*l - 1. Let f(y) = 3*y. Let v(c) = g*f(c) + 2*i(c). Calculate v(2).
-4
Let h(c) = -c + 3. Let d be h(0). Let o = 3 - 1. Let i(b) = -2*b**2 - 2 + 0 - 3*b**d + o*b**3. What is i(-2)?
-2
Let n(h) = -h + 1. Let i(k) = k**2 - 7*k + 5. Let o(q) = i(q) - 2*n(q). Let r be o(3). Let w(a) = a**3 - 2*a - 373 + 3*a**2 + 373. What is w(r)?
6
Let k = -2 + 7. Suppose k*u - 4 - 11 = 0. Let p(c) = 4 - 8*c + 6*c + 2*c - 3*c. What is p(u)?
-5
Let x(h) be th